{"id":91,"date":"2015-02-04T15:48:45","date_gmt":"2015-02-04T15:48:45","guid":{"rendered":"http:\/\/aficorte.com\/?page_id=91"},"modified":"2015-04-28T14:54:59","modified_gmt":"2015-04-28T14:54:59","slug":"sobre-nosotros","status":"publish","type":"page","link":"https:\/\/aficorte.com\/?page_id=91","title":{"rendered":"Sobre Nosotros"},"content":{"rendered":"<div class=\"fruitful_description_box\"><div class=\"fruitful_description shadow-type-1 \" id=\"desc-box-97\"><span class=\"top_line\"><\/span><div class=\"text\" style=\" font-size: 40px; text-transform : uppercase; text-align: center; font-weight: 300; line-height: 1.2;\"> SOBRE NOSOTROS <span class=\"text_orange\" style=\"color: #fe0000;\">NUESTRA HISTORIA<\/span><\/p>\n<p style=\"font-size: 15px;\"><strong style=\"color: #fe0000;\">Comercial Aficorte<\/strong> es una empresa de Afilado, Reafilado, Fabricaci\u00f3n y venta de todo tipo de herramientas de corte para la industria metal\u00fargica, de la madera, artes gr\u00e1ficas, alimentaci\u00f3n, etc\u2026<\/p>\n<p style=\"font-size: 15px;\">Contamos con un \u00e1rea comercial desde la que suministramos todo tipo de abrasivos, lubricantes, tronzadoras y productos para artes gr\u00e1ficas.<\/p>\n<p style=\"font-size: 15px;\">Nuestros talleres cuentan con la m\u00e1s innovadora tecnolog\u00eda y con personal altamente cualificado para cualquier consulta de corte.<\/p>\n<p style=\"font-size: 15px;\">Desde 1967 estamos al servicio del peque\u00f1o consumidor, las PYMES y las grandes empresas, convirti\u00e9ndonos en una de las empresas l\u00edderes del sector.<\/p>\n<p style=\"font-size: 20px;\">Para cualquier consulta estamos a su servicio.<\/p>\n<p style=\"font-size: 20px;\"><strong>No dude en contactar con nosotros.<\/strong><\/p>\n<p><\/div><span class=\"bottom_line\"><\/span><\/div><\/div><div class=\"clearfix\"><\/div>\n<div class=\"fruitful_description_box\"><div class=\"fruitful_description shadow-type-1 \" id=\"desc-box-56\"><span class=\"top_line\"><\/span><div class=\"text\" style=\" font-size: 40px; text-transform : uppercase; text-align: center; font-weight: 300; line-height: 1.2;\"> COMPROMISO <span class=\"text_orange\" style=\"color: #fe0000;\">DE CALIDAD Y MEDIO AMBIENTE<\/span><\/p>\n<p style=\"font-size: 15px;\"><strong style=\"color: #fe0000;\">COMERCIAL AFICORTE,S.L.<\/strong> es una empresa dedicada a la venta de herramientas de corte para las industrias metal\u00fargicas, de la madera, artes gr\u00e1ficas y abrasivos. As\u00ed como el afilado de todas las herramientas de corte.<\/p>\n<p style=\"font-size: 15px; text-align:left; font-weight: bold;\">En nuestro af\u00e1n por lograr una mayor calidad en nuestros productos y servicios, as\u00ed como una mayor proactividad hacia al cuidado del medio ambiente que nos rodea, nos hemos establecido las siguientes m\u00e1ximas a cumplir dentro de nuestra empresa:<\/p>\n<ul style=\"margin-left: 40px; text-align: left; text-transform: none !important\">\n<li style=\"font-size: 15px;\">Asegurar la satisfacci\u00f3n de nuestros clientes bas\u00e1ndonos en un trato siempre correcto y en un esfuerzo extra en la realizaci\u00f3n de nuestros productos y servicios.<\/li>\n<li style=\"font-size: 15px;\">Cumplir con todos los requisitos impuestos por nuestros clientes, as\u00ed como todos aquellos de tipo legal y otros requisitos tanto en el campo de la calidad como relacionados con los aspectos ambientales de la organizaci\u00f3n.<\/li>\n<li style=\"font-size: 15px;\">Comprometernos a mejorar de forma continua la calidad de nuestros productos, as\u00ed como nuestra actitud frente a los impactos ambientales que genera nuestra actividad.<\/li>\n<li style=\"font-size: 15px;\">Prevenir la contaminaci\u00f3n que pudiera generar <strong style=\"color: #fe0000;\">COMERCIAL AFICORTE,S.L.<\/strong> para mantener una relaci\u00f3n mutuamente beneficiosa con el medio que nos rodea y nuestros vecinos colindantes.<\/li>\n<li style=\"font-size: 15px;\">Creer en un futuro mejor de nuestra empresa en la cual el cliente se sienta siempre satisfecho con nuestros productos y nuestro comportamiento ambiental en los trabajos realizados.<\/li>\n<li style=\"font-size: 15px;\">Lograr una competitividad elevada en nuestros mercados basada en la confianza y la fidelizaci\u00f3n de nuestros clientes.<\/li>\n<li style=\"font-size: 15px;\">Minimizar nuestra generaci\u00f3n de residuos y proporcionar formaci\u00f3n y medios a nuestros empleados para que colaboren activamente en esta causa.<\/li>\n<\/ul>\n<p><\/div><span class=\"bottom_line\"><\/span><\/div><\/div><div class=\"clearfix\"><\/div>\n","protected":false},"excerpt":{"rendered":"","protected":false},"author":1,"featured_media":0,"parent":0,"menu_order":0,"comment_status":"closed","ping_status":"open","template":"","meta":{"footnotes":""},"_links":{"self":[{"href":"https:\/\/aficorte.com\/index.php?rest_route=\/wp\/v2\/pages\/91"}],"collection":[{"href":"https:\/\/aficorte.com\/index.php?rest_route=\/wp\/v2\/pages"}],"about":[{"href":"https:\/\/aficorte.com\/index.php?rest_route=\/wp\/v2\/types\/page"}],"author":[{"embeddable":true,"href":"https:\/\/aficorte.com\/index.php?rest_route=\/wp\/v2\/users\/1"}],"replies":[{"embeddable":true,"href":"https:\/\/aficorte.com\/index.php?rest_route=%2Fwp%2Fv2%2Fcomments&post=91"}],"version-history":[{"count":59,"href":"https:\/\/aficorte.com\/index.php?rest_route=\/wp\/v2\/pages\/91\/revisions"}],"predecessor-version":[{"id":581,"href":"https:\/\/aficorte.com\/index.php?rest_route=\/wp\/v2\/pages\/91\/revisions\/581"}],"wp:attachment":[{"href":"https:\/\/aficorte.com\/index.php?rest_route=%2Fwp%2Fv2%2Fmedia&parent=91"}],"curies":[{"name":"wp","href":"https:\/\/api.w.org\/{rel}","templated":true}]}}